te the greatest common factor of 15 and j.
15
Let n(z) = -z**3 - 6*z**2 + 7*z + 6. Suppose -12 = 3*b, -2 = l + 3*b - b. Let i = -13 + l. Let x be n(i). Calculate the greatest common divisor of 18 and x.
6
Let l = 168 + -93. What is the greatest common divisor of l and 180?
15
Let f(j) = j**3 - 12*j**2 - 14*j - 9. Let n be f(13). Let a = n + 43. Let i = 25 - a. Calculate the highest common factor of i and 4.
4
Suppose -3*d - 3*r = -2730, 5*d + 4*r = 2324 + 2226. What is the greatest common divisor of d and 26?
26
Let n = -432 - -434. Calculate the highest common divisor of 7 and n.
1
Suppose -11*b + 9*b - 280 = 0. Let u = b - -308. Calculate the greatest common divisor of 21 and u.
21
Let j = 26 + -22. Suppose 0 = -j*k + 130 - 682. Let r = -82 - k. Calculate the greatest common divisor of 28 and r.
28
Let j = -1118 + 1141. Suppose 0 = q + 4*l - 233, 0 = 2*q + 5*l + 121 - 602. What is the greatest common divisor of j and q?
23
Let p be 27/(216/448)*(0 + 1). Calculate the highest common divisor of 700 and p.
28
Let d(u) = u**2 + 10. Let p be d(0). Let s(o) = -40*o. Let n = 23 - 24. Let l be s(n). What is the highest common divisor of p and l?
10
Suppose -153*a + 40 = -149*a. Suppose -f - 4*o - o = -25, -3*o = 4*f - 83. Calculate the greatest common divisor of f and a.
10
Let b be (0 - -295) + -1 + 1. Suppose -4*l + c + b = -4*c, -3*l = c - 245. Let g(v) = -9*v + 245. Let m be g(25). What is the highest common divisor of m and l?
20
Let a(u) = -59*u**3 + 3*u - 2. Let s be a(1). Let q = -56 - s. Calculate the highest common factor of 3 and q.
1
Suppose 4*p + 4*v - 284 = 0, -61*p - 5*v - 107 = -63*p. What is the greatest common factor of p and 836?
22
Suppose 5 = z + 1. Suppose -5*i = -10*i - 3*x + 559, z*x - 122 = -i. Calculate the highest common divisor of 10 and i.
10
Let v be -3*1 + (2 - -26). Let z = 60 - v. Calculate the highest common factor of 7 and z.
7
Suppose 21*r + 8*r = 6264. Calculate the highest common divisor of r and 54.
54
Let c(j) = -11*j + 3. Let i be c(-6). Suppose 3*b = -3, 0 = -2*l + 38*b - 37*b + 231. Calculate the greatest common factor of l and i.
23
Suppose -167*r = -166*r - 27. What is the greatest common divisor of 18 and r?
9
Suppose -69 = -5*l + 581. Suppose 4*b = 4*s - 51 - 109, 3*s - b - l = 0. What is the greatest common factor of s and 18?
9
Suppose y - 353 = -2*s, -2*y = 4 - 6. Let r = -33 - -55. Calculate the greatest common factor of s and r.
22
Let i = -1112 - -1663. Calculate the highest common factor of 29 and i.
29
Suppose -9*j + 32 = -j. Let s be -4 + (1 - (-316)/j). Calculate the greatest common divisor of s and 114.
38
Suppose 21 = -2*b - g, -3*b - 4*g = -5*b - 16. Let l = 12 + b. What is the highest common divisor of l and 16?
2
Suppose 374 = 9*r - 1282. Let a = -44 + 67. Calculate the highest common factor of a and r.
23
Let l = -14 - -9. Let s(h) be the first derivative of -7*h**2/2 - 5*h - 5. Let v be s(l). Calculate the highest common divisor of 90 and v.
30
Let g be 1/1 + -3 - 2. Let a(f) = -4*f**2 - 4*f - 2. Let i be a(g). Let l be 3 + (-7 - -2) - i. Calculate the greatest common divisor of 16 and l.
16
Let u(o) be the third derivative of 5*o**4/8 - o**3 - 2*o**2. Let y be u(6). Let i = -3 + 24. What is the greatest common divisor of i and y?
21
Let l(a) = 193*a - 18. Let t be l(2). What is the greatest common factor of 23 and t?
23
Suppose -127*q + 1056 = -116*q. What is the greatest common factor of 15 and q?
3
Suppose -496 = -0*o - 31*o. Let t(b) = b - 1. Let f be t(5). What is the greatest common factor of f and o?
4
Let x be (-3 + 1 - 9/(-6))*-4. Suppose -x*c + 757 = 3*g - c, 5*c = 3*g - 769. What is the greatest common divisor of 23 and g?
23
Let r be 3 - ((-2024)/33 - (-2)/6). Calculate the highest common divisor of r and 12.
4
Let i be (-1 - -64)*4/6. Let n = 54 + -96. Let q be (n/5)/(4/60*-2). Calculate the highest common divisor of q and i.
21
Let t = -13 + 16. Suppose -5*m = 0, 6*i - t*m = 4*i + 2. Let q be 2/5 + 9/15. Calculate the highest common factor of q and i.
1
Let i be ((-48)/60)/(4/(-30)). Suppose -i*u = -11*u + 20. Let g be 8/u - (-2 - 10). What is the greatest common factor of g and 140?
14
Let c be 19/(8/(-20) + 27/30). Calculate the highest common divisor of 38 and c.
38
Let x = -77 - -118. Suppose 0 = -5*b + 29 + 71. Let u = x - b. What is the greatest common factor of u and 7?
7
Let c be -1 + 7 + (2 - 2). Let b(y) = 19 - 13 + 22*y - 4. Let x be b(1). What is the greatest common divisor of x and c?
6
Suppose 5*x + 965 = 4*i, 18*i - 2*x - 242 = 17*i. What is the highest common factor of i and 336?
48
Let p(d) = 2*d**3 + 4*d**2 - 8*d + 10. Let v be p(4). Calculate the greatest common factor of v and 34.
34
Let b be -300*(-4 - (-33)/12). Let t = 18 + -14. Suppose t*g = c - 11 + 390, -5*c = -4*g + b. Calculate the highest common divisor of g and 38.
19
Suppose -6*g + 2*g = -2*c + 100, -5*c + 272 = g. Suppose v - 13 = 5. Calculate the highest common factor of c and v.
18
Suppose -4*u = -20, 4*f - u - 4*u + 129 = 0. Let k = f - -35. Calculate the highest common divisor of k and 117.
9
Let q be ((-387)/54 - 3/6)*-3. Let z = 35 + 57. What is the greatest common factor of z and q?
23
Let b(j) = -j**3 - 4*j**2 - 2*j. Let i be b(-5). Let t(p) = 3 - 3*p - 4 + 2. Let d be t(-2). What is the greatest common factor of d and i?
7
Suppose 2*u + 5*h = -1 - 3, -5*u + 11 = 2*h. Suppose u - 43 = -4*c. Calculate the greatest common divisor of 10 and c.
10
Let k(b) = -b**3 + 11*b**2 + 6*b - 101. Let t be k(9). What is the greatest common divisor of 92 and t?
23
Suppose -3*p + 4*k = -949, 26*k - 30*k + 666 = 2*p. Calculate the greatest common divisor of 34 and p.
17
Let a(r) = -2*r**3 + r**2 + 7. Let i be a(-3). Let o be ((-96)/120)/((-72)/i + 1). Calculate the greatest common divisor of 4 and o.
4
Let m = 49 - 9. Suppose 3 = -2*a - 7, 0 = j - 3*a - m. Let v be (40/3)/((-2)/(-30)). Calculate the highest common factor of v and j.
25
Suppose -4*k = -3*g - 430, -3*g - 289 - 35 = -3*k. Let c = k - 43. Calculate the greatest common factor of 21 and c.
21
Let q(p) = -4*p + 3. Let l be q(-3). Let f = -168 - -243. Calculate the greatest common factor of f and l.
15
Let w = 151 + -127. What is the highest common factor of w and 408?
24
Suppose 0 = 5*v - 10, y = -5*v + 4 + 14. Suppose 2*m - 5 - 51 = 0. Let k be (-2)/(-7) - (-1560)/m. What is the greatest common divisor of k and y?
8
Let z(r) = -3*r**3 + 5*r**2 - 21*r - 7. Let m(w) = -w**3 + 1. Let o(b) = 4*m(b) - z(b). Let g be o(-8). What is the highest common factor of 5 and g?
5
Suppose 6*d - d - 20 = 0. Let y(z) be the first derivative of 2*z**2 - 4*z - 1. Let l be y(d). Calculate the highest common divisor of 96 and l.
12
Suppose -5*i = -0*p + p - 142, -4*i - p + 114 = 0. Let s be (10/(-8))/((-7)/i). Let g = s - 1. What is the highest common factor of 10 and g?
2
Let w(s) = -67*s - 517. Let d be w(-12). Calculate the highest common divisor of d and 369.
41
Let w = -555 + 716. What is the greatest common divisor of w and 14?
7
Let q(k) = 11*k**2. Let l be q(2). Suppose 2*g + 0*g - l = 0. Let f be 789/4 + 105/140. Calculate the greatest common factor of g and f.
22
Suppose -5*p - v + 383 = 0, 4*v = -4*p - v + 319. Let r(j) = -15*j**3 - 3*j**2 - 4*j - 2. Let y be r(-2). What is the greatest common factor of y and p?
38
Let u = -316 - -554. What is the highest common factor of u and 14?
14
Let v = 373 - 345. What is the highest common factor of v and 7?
7
Suppose -3*z + 37 = 5*p - 38, -2*z = 0. What is the greatest common divisor of p and 6?
3
Let d(s) = s + 51. Let a be d(19). Calculate the greatest common factor of a and 455.
35
Let h = 9 + -31. Let c = h + 33. Let q be 9713/110 + (-6)/20. What is the greatest common factor of c and q?
11
Let y = 272 - 268. Calculate the highest common factor of y and 100.
4
Suppose 7*t + 828 = -2*t. Let m = -81 - t. Calculate the highest common factor of m and 11.
11
Suppose 0 = -12*r + 17*r + 25. Let z be (r/4)/((-35)/(-12) + -3). Calculate the greatest common factor of z and 165.
15
Suppose -2 + 28 = 2*b. Let m be ((-3)/6)/(5 - 655/130). What is the greatest common divisor of b and m?
13
Let o be (2/9)/(43/1548). Calculate the greatest common factor of 28 and o.
4
Suppose 2*t + 5*f - 9 = 0, 5*t = 4*f + 20 + 19. L